se
Let h be (-36108)/60 + (-20)/(-25). Let l = h + 1332. Is l a prime number?
False
Let j(r) = 662*r**2 - 18*r - 67. Let a be j(-3). Suppose -k = 2*u - 5927, 6*k + a = 2*u + k. Is u a prime number?
False
Let i be (215/(-301))/((-1)/7). Suppose -4*v + 1129 = -i*u + 130, 0 = 5*v - 3*u - 1252. Is v a prime number?
True
Let w(d) = -2992*d**3 + 12*d**2 + 33*d + 150. Is w(-5) composite?
True
Suppose -4 = -4*w + 4*y, -8 = 5*w + 3*y - 37. Suppose 67222 = w*k - 2*p, 3*p = -2*p - 5. Is k a composite number?
True
Is 6 + 9117535/55 + 8/(-22) a composite number?
False
Let r = 14878 + -1461. Is r prime?
True
Suppose -3*z - 3*q = -0*q, 3*q = 5*z. Suppose 7*h - 17 - 4 = z. Suppose -h*k = -0*k - 573. Is k composite?
False
Let o(y) = -3*y - 16. Let k be o(-7). Suppose k*h = 20 - 10. Suppose -2 = 2*w, 2*w + 1174 = 2*v + h*v. Is v prime?
True
Let o(w) = w**2 - 2*w - 13. Let v be o(7). Let x be -2*v/(-12)*702. Suppose -722 + x = 4*l. Is l prime?
True
Let a(y) = 125382*y**2 + 88*y + 89. Is a(-1) a composite number?
False
Suppose 5*c - 222 - 18 = 0. Let t be (-6)/(-27) - c/(-27). Suppose -w - 219 = -t*p, -p = 2*p - 2*w - 329. Is p prime?
True
Let y(l) = -3*l**3 + 16*l**2 + 64. Is y(-15) a composite number?
False
Suppose 5*z - 10364 = 3*f, -2*f - 6 = -0*f. Let q = z - 362. Is q prime?
True
Suppose -94313 - 13570 = -3*g. Is g a prime number?
False
Suppose -705 = -2*s - s. Suppose 3068 = 12*v - 5092. Let y = v - s. Is y a composite number?
True
Let x be (-2)/(-12) - 7403/(-6). Suppose 10*t = 12946 + x. Is t composite?
True
Let u(b) = b**3 + 6*b**2 + 8*b - 1. Let x be u(-4). Let t be ((-1 - x) + 0)/3. Is (-141)/12*(-20 - t) composite?
True
Suppose 0 = -27*n + 24*n - x + 1903999, -4*n + 5*x + 2538678 = 0. Is n prime?
False
Suppose -25*f - 7*f + 4208224 = 0. Is f a prime number?
True
Let x = 0 - 5. Let v(n) = 5*n**2 + 0*n**3 + 2*n - 4*n**2 - 8*n**3 + 19 - 4*n**2 - 5*n**3. Is v(x) prime?
True
Is (2 + -1)*768846/34 - 44/374 a composite number?
False
Let a(d) = -13367*d - 2675. Is a(-26) a composite number?
True
Let t(y) be the first derivative of -777/2*y**2 - 51 + 11*y. Is t(-4) a composite number?
False
Suppose 0 = 5*k + 2*o - 2418074, -4*o + 11586 = -3*k + 1462420. Is k prime?
False
Let n = 288561 + 27750. Is n a composite number?
True
Is 14/3 + (-1918930384)/(-2064) a composite number?
True
Let o(r) = r + 19. Let v be o(6). Let l = 20 - v. Is 236 + 3*l/15 composite?
True
Let p(k) = 96*k**2 - 8*k + 13. Let j be 0 - -2*(31/2 - 2). Suppose -j*y + 37*y - 30 = 0. Is p(y) composite?
False
Suppose 0 = 4*y - l - 491954, 0 = 3*y - l - 277922 - 91045. Is y a prime number?
False
Suppose 84 = 6*v + v. Suppose -i = 3*i - v. Suppose -g - 215 - 336 = -i*q, 181 = q - g. Is q a composite number?
True
Let d = -37 + 53. Is 208916/d + (-3)/(-36)*-3 composite?
True
Let i = 775 - 771. Suppose 2*u - x = 44865, 5*x + 89731 = i*u + 4*x. Is u a composite number?
False
Let m = 5 - -2. Suppose -m*a + 1 = -41. Suppose -882 = -a*h + 1032. Is h a prime number?
False
Suppose 10 = 4*b + 5*l + 13, 3 = -l. Suppose -6 = -2*g, 10*g + 28605 = b*h + 12*g. Is h a prime number?
True
Let t(d) = 4*d**2 + 9*d - 13. Let f(m) = -7*m - 2. Let o(h) = h. Let r(i) = -f(i) - 3*o(i). Let v be r(-2). Is t(v) a composite number?
True
Let m(f) = -2196*f + 75. Let v(r) = -163*r - 338*r + 4 + 11 + 62*r. Let s(n) = 2*m(n) - 11*v(n). Is s(4) a prime number?
True
Suppose 28539 = -5*u + 218674. Is u composite?
True
Suppose -24*d - 1981 = 7691. Let w = 346 - d. Is w a prime number?
False
Is 603/27*(1 - (-8 - 2964)) prime?
False
Let p = -13 - -23. Suppose j = -4*d - 1, 3*d + 5 + p = 4*j. Let z(c) = -485*c + 4. Is z(d) composite?
True
Let m(q) = -6*q + 12 + 4*q**2 - 42*q**3 - 31*q - 53*q**3 + 75*q**3. Is m(-7) a prime number?
False
Let i be (6/21 + 3/63)*9. Suppose 4*w - 7811 = -i*v, -4*w - 6*v = -v - 7821. Is w a prime number?
True
Let s be 3 + (2/(-5) - 6/10). Suppose k = s*y - 16292, 8*k - 3*k - 16304 = -2*y. Is y a prime number?
True
Let p = -8533 - -24385. Let o = -29031 - p. Is 7/(182/4) + o/(-39) a prime number?
True
Let f = 336 - 339. Is f + 2 + (-6 - -369) a composite number?
True
Let c = 7897 + -7887. Let d(r) be the second derivative of r**4 - 3*r**3/2 - 23*r**2/2 + r. Is d(c) prime?
True
Let b(i) = 200*i**2 - 16*i - 11. Let c(j) = -j**2 + 12*j + 21. Let m be c(-2). Is b(m) a prime number?
True
Let h = -213 - -216. Is (h*7/(-21))/(2/(-5442)) prime?
False
Suppose -3*j + 5*v = 12965 - 48493, j - 11856 = -5*v. Suppose 585*f - j = 583*f. Is f a composite number?
False
Let w(a) = 14*a**2 - 641*a + 38. Is w(-17) prime?
False
Let d(r) = 327*r + 22. Let v(s) = s**2 + 4*s - 40. Let i be v(5). Is d(i) a prime number?
True
Let k(n) = 33*n**2 + 16*n + 59. Let c be (8/(-6))/(-14 - 256/(-18)). Is k(c) a composite number?
False
Let x = 29 + 41. Let g be 6*(-10)/15 - x. Is g/(3 - 445/145) a composite number?
True
Let w(v) = 4*v**3 - 24*v**2 + 24*v - 17. Let o(a) = -a + 23. Let t be o(13). Is w(t) a prime number?
True
Let a(m) = 19 - 540*m - 51 - 45. Is a(-16) composite?
False
Let a(j) = -5*j - 45. Let b be a(-9). Suppose b*o - o + 2047 = -5*m, -8169 = -4*o + m. Is o prime?
False
Suppose -2*c - 10 = -2*x, x + 26 = -4*c + 2*x. Let z(a) = 12*a. Let g be z(c). Is (-151)/(-2)*g/18*-3 a prime number?
False
Suppose 128*m - 131*m = -312. Let z = -101 + m. Suppose 0 = 4*o - 0*o - 5*y - 23984, -z*o + 18019 = 4*y. Is o a prime number?
False
Let y be 1/1*(4 + -1). Let m(o) = -11 + 136*o**2 - 15 - 5*o + 31 + 63*o**2. Is m(y) composite?
True
Suppose -2*s - 7559 = -21411. Suppose 0 = 6*n + 2780 - s. Is n composite?
False
Let s be 4/(-26) - 11015252/(-598). Suppose -21*v + 9*v = -s. Is v a composite number?
True
Let o(b) = 22*b**2 - 140*b + 163. Is o(23) a prime number?
True
Let t = -17 + 29. Is ((-8)/(t/(-3)))/(4/5798) composite?
True
Let s(h) = -9554*h + 57. Is s(-1) a composite number?
True
Suppose 5*j + 95 = 350. Suppose 0 = -39*c + j*c - 38604. Is c composite?
False
Let o(s) = s**2 + 10*s + 23. Let a be o(-5). Is 22065*(160/300 + a/10) a prime number?
False
Let f(l) = l**2 - 7*l - 10. Let v be f(9). Let u(z) = z**3 - 8*z**2 + 2. Let y be u(v). Suppose -y*m = 4*b - 282, -b = 2*m + 4*b - 287. Is m prime?
True
Let z be (-24)/16*4/(-3). Suppose -4*b + 10 = -3*t, 0 = -5*t - z*b + 26 - 8. Is 84 + 3 + t + 2 composite?
True
Let p = -1702 + 5681. Is p a prime number?
False
Let y(d) = d**3 - 9*d**2 - 10*d - 17. Suppose i + 5*i = 144. Let n be (-64)/i*9/(-2). Is y(n) composite?
True
Let a be (9/18 - -1)*(-86440)/(-3). Suppose -3*y + a = 2*l + 3*l, 0 = l + 5*y - 8666. Is l a prime number?
True
Let f be (-16)/(7 + 1) + -10. Is -422*(-62)/f*-3 a composite number?
True
Let h be (2/(-6))/((5/1959)/(-5)). Let y = -1265 + h. Let m = -314 - y. Is m a prime number?
False
Let p(f) = -3*f**3 - 35*f**2 - 21*f - 62. Is p(-13) a composite number?
False
Let d(i) = -i + 12. Let n be d(7). Suppose 12 = 3*f - 0*c - c, n*c + 27 = 4*f. Suppose -2*y + 170 = f*g, g - 87 = -y - 0*y. Is y a prime number?
False
Let x be 12/(-56)*-11160 + (-3)/7. Suppose x = 399*u - 398*u. Is u composite?
True
Let w = 606 + 14177. Is w a composite number?
False
Let b = -8 + 10. Let q be (-1 - (-12)/8)/(b/(-4328)). Is 24/56 - (-3)/((-21)/q) a composite number?
True
Suppose 17*w = -w + 36. Suppose -6 = w*r - k - 174, -3*r - 4*k + 263 = 0. Is r composite?
True
Let d(r) = 83*r**3 + 14 - 173*r**3 + 91*r**3 + 13*r - 11*r**2. Suppose -278 = -20*v + 22. Is d(v) prime?
True
Let q(n) = 76*n**2 + 7*n - 8. Let a be q(-4). Is 2/4*(-3)/(-6)*a a prime number?
False
Let b(r) = -782*r + 139. Is b(-5) composite?
False
Let a(t) = -665*t**2 - 11*t + 30. Let g(u) = -333*u**2 - 6*u + 16. Let d(j) = 2*a(j) - 5*g(j). Is d(3) composite?
False
Let p = -1090 - -1427. Is p prime?
True
Suppose 207*u = 21*u + 237436 + 1188998. Is u prime?
True
Let i(s) = -16*s**3 + 15*s**3 + 2*s + 2*s**2 + s**2 + 1 - 4. Let w be i(3). Suppose -3*h = -w*g - 1134, h + 176 - 550 = -3*g. Is h a composite number?
True
Let q(o) = 2311*o**3 + 14*o**2 + 80*o - 384. Is q(5) prime?
True
Suppose -2*y = -5*j + 33345, -4*j + 18*y = 13*y - 26693. Is j a composite number?
True
Let d(w) = 57*w**2 + 7*w - 81. Suppose 315 - 367 = 4*h. Is d(h) composite?
False
Let s be (-406)/((-2)/1)*-1. Is (-8)/14*s/(-58) + 9831 composite?
False
Suppose 2424 = 3*a - 4*m - 0*m